ommon factor of 11 and 620907397?
11
Calculate the greatest common factor of 28965329 and 473024.
7391
Calculate the highest common factor of 444790336 and 32.
32
Calculate the highest common factor of 15815437 and 254.
127
What is the highest common factor of 12876204 and 88?
44
What is the highest common divisor of 457052 and 238340?
2804
What is the highest common factor of 5692692 and 96?
12
What is the greatest common factor of 150759616 and 3136?
448
What is the highest common divisor of 15 and 888664395?
15
What is the highest common factor of 12733 and 1348117?
17
Calculate the greatest common factor of 6083707 and 3857.
203
What is the highest common factor of 248578930 and 850?
170
What is the greatest common divisor of 3663274 and 3666?
94
What is the greatest common divisor of 447027 and 9408?
147
Calculate the greatest common divisor of 644 and 28078239.
161
What is the highest common factor of 5152394 and 1326?
442
What is the highest common divisor of 3787481 and 221?
17
Calculate the highest common divisor of 503 and 74975671.
503
Calculate the highest common divisor of 8268 and 2923692.
636
Calculate the highest common factor of 565145 and 6365.
335
What is the highest common factor of 64 and 423130592?
32
What is the greatest common factor of 196800 and 957924?
492
What is the highest common factor of 1807 and 4113317?
13
Calculate the greatest common factor of 6218470 and 1640.
410
What is the greatest common divisor of 120 and 17951320?
40
What is the highest common divisor of 77895915 and 5073?
5073
Calculate the highest common divisor of 360 and 4604240.
40
Calculate the highest common factor of 2569188 and 952168.
1388
What is the highest common divisor of 3375 and 1547676?
9
What is the greatest common divisor of 1633 and 551630666?
1633
What is the highest common divisor of 403872 and 1050?
42
Calculate the greatest common factor of 119193 and 12931.
67
What is the greatest common factor of 523984 and 3736?
8
Calculate the greatest common divisor of 234 and 187908318.
234
Calculate the greatest common divisor of 2728010 and 1022.
146
What is the highest common factor of 3590110 and 1382135?
5735
What is the highest common divisor of 5530 and 1036875?
2765
Calculate the highest common factor of 24075447 and 363.
33
What is the greatest common divisor of 5610 and 962720?
110
Calculate the greatest common factor of 1428 and 6238794.
6
What is the greatest common factor of 450 and 59067990?
90
Calculate the greatest common factor of 10730 and 1345310.
290
What is the highest common divisor of 35328 and 15801?
69
Calculate the highest common factor of 44063384 and 45960.
3064
What is the greatest common factor of 207 and 18388500?
69
Calculate the highest common factor of 8 and 140018332.
4
What is the greatest common divisor of 40369026 and 12?
6
Calculate the highest common factor of 15500 and 3183500.
500
What is the highest common factor of 32163 and 7701?
453
Calculate the highest common divisor of 65709 and 1661562.
63
Calculate the greatest common divisor of 49624254 and 18.
18
Calculate the highest common factor of 13599346 and 6.
2
Calculate the highest common factor of 2074544 and 13456.
464
Calculate the highest common divisor of 6188 and 6017116.
476
Calculate the greatest common factor of 24952776 and 114.
114
Calculate the highest common divisor of 1547688 and 826.
118
What is the greatest common factor of 1059 and 38570898?
1059
Calculate the greatest common factor of 3684 and 7649212.
1228
Calculate the greatest common divisor of 79942800 and 434.
434
Calculate the highest common divisor of 172 and 1450734.
86
Calculate the highest common divisor of 6094 and 189468.
554
What is the greatest common divisor of 27116224 and 51?
17
What is the highest common factor of 4841 and 599532?
47
Calculate the greatest common factor of 30 and 40501950.
30
Calculate the greatest common divisor of 687828 and 15159.
93
Calculate the highest common factor of 17840 and 103249.
223
What is the highest common divisor of 788 and 138512?
4
What is the greatest common factor of 192215 and 703403?
1039
What is the highest common factor of 44401 and 4179?
7
What is the highest common factor of 448 and 10329424?
112
Calculate the greatest common factor of 171 and 3065061.
57
What is the highest common factor of 213 and 20942373?
213
Calculate the highest common factor of 30994606 and 1476.
82
Calculate the highest common divisor of 433625 and 6938.
3469
Calculate the highest common factor of 18921 and 123702.
159
What is the greatest common divisor of 75 and 453615?
15
Calculate the highest common factor of 130908 and 88188.
12
What is the greatest common factor of 1447632 and 127152?
144
Calculate the greatest common divisor of 86562 and 5706.
18
Calculate the highest common factor of 218 and 83990.
2
What is the highest common divisor of 641365398 and 27?
27
Calculate the greatest common divisor of 208 and 851824.
16
Calculate the highest common divisor of 2466126 and 126.
18
Calculate the highest common factor of 6149 and 62608.
559
What is the greatest common factor of 146785 and 504751?
947
Calculate the highest common divisor of 91 and 1148999670.
91
Calculate the highest common factor of 5309616 and 4.
4
Calculate the greatest common factor of 73710 and 4320.
270
Calculate the highest common divisor of 1890 and 892420.
10
Calculate the highest common factor of 48 and 1813956.
12
What is the highest common factor of 1243627 and 1105181?
2387
What is the highest common divisor of 893 and 286919?
19
What is the highest common factor of 32 and 77621392?
16
What is the greatest common factor of 483405 and 6968?
871
What is the highest common divisor of 8991 and 678543?
111
Calculate the highest common factor of 308 and 1855546.
154
Calculate the highest common factor of 83894890 and 10.
10
Calculate the greatest common divisor of 11406 and 5470.
2
Calculate the highest common factor of 139916 and 636652.
76
What is the greatest common factor of 5748602 and 358?
2
Calculate the greatest common factor of 1688 and 885200.
8
Calculate the greatest common divisor of 164 and 607356.
4
Calculate the greatest common factor of 110 and 533357.
11
What is the greatest common factor of 200806910 and 10?
10
Calculate the highest common divisor of 21888 and 32378432.
1216
Calculate the highest common factor of 11645024 and 1067914.
6802
Calculate the greatest common factor of 26724236 and 616.
308
Calculate the highest common divisor of 4674 and 46626.
114
Calculate the greatest common divisor of 32461 and 294419.
227
What is the greatest common factor of 5063235 and 68100?
3405
What is the highest common factor of 440908908 and 954?
318
What is the greatest common divisor of 206160 and 1659600?
240
Calculate the greatest common divisor of 14173085 and 94423.
1927
What is the greatest common divisor of 8275 and 24439385?
1655
What is the greatest common divisor of 1622976 and 177192?
2568
Calculate the greatest common factor of 5256438 and 110.
22
What is the greatest common factor of 2080280 and 186020?
2620
What is the highest common divisor of 2630 and 145510?
10
What is the highest common divisor of 62130 and 352260?
570
What is the greatest common factor of 4635 and 253276485?
1545
What is the greatest common factor of 894630 and 1760?
110
What is the highest common factor of 5600575 and 885?
295
Calculate the highest common divisor of 202531192 and 148.
148
What is the highest common divisor of 4832 and 30064?
16
Calculate the greatest common divisor of 56 and 708740872.
56
Calculate the highest common factor of 10683 and 225.
9
Calculate the highest common factor of 645248 and 367212.
284
Calculate the highest common divisor of 329590 and 506.
46
Calculate the greatest common divisor of 427 and 12292354.
61
Calculate the greatest common factor of 671199 and 905679.
2931
Calculate the highest common divisor of 77390 and 556640.
710
Calculate the highest common divisor of 825 and 39682995.
165
What is the highest common divisor of 9955412 and 92?
92
What is the highest common factor of 4941 and 37472361?
183
Calculate the greatest common factor of 1228773 and 49.
49
Calculate the greatest common divisor of 1331188 and 107420.
164
Calcu